 the greatest common factor of y and 16.
8
Let l be -4*1 - (-13 + 9). Suppose -2*b - 3*b - 4*c = -21, b + 4*c - 1 = l. What is the highest common divisor of 45 and b?
5
Suppose -6*u - 15 = -7*u. Let v be (-3)/(-1)*(-1 + 6). Calculate the highest common factor of v and u.
15
Let r(k) = k**3 - 3*k**2 + k. Let i be r(3). Let l be i + -3 - (1 - -25). Let j = 54 - l. Calculate the greatest common divisor of 16 and j.
16
Suppose -3*f - 5*s = -25, -32 = -2*f + 5*s - 7. What is the greatest common divisor of f and 20?
10
Let v(r) = -35*r - 37*r + 7 + 73*r. Let h be v(-5). What is the greatest common divisor of 22 and h?
2
Let u = 5 + -3. Let v be (35/10)/(u/4). Suppose -k - v = -19. Calculate the greatest common divisor of 24 and k.
12
Let h = 430 - 331. Suppose 22 = 2*u + 4. What is the greatest common factor of h and u?
9
Let u be (-10)/4*8/(-5). Suppose 2*j - j - 2*h - 27 = 0, 0 = u*j + 3*h - 53. What is the highest common factor of 119 and j?
17
Let b = 20 + -16. Suppose b*k - z = 89, -2*k + 2*z = -5*k + 64. What is the greatest common factor of 110 and k?
22
Let w(k) = 47*k**2 - 2*k. Let b be w(1). Calculate the greatest common divisor of 15 and b.
15
Let y be 5*4*12/30. Let g be (-166)/(-8) - 6/y. Let w = 11 - 6. What is the greatest common factor of g and w?
5
Let x = -5 - 29. Let z = 55 + x. What is the greatest common divisor of 168 and z?
21
Let g(k) = k**2 - 3*k - 2. Let n be g(4). Suppose -4*b + n*b = -10. Calculate the highest common factor of 15 and b.
5
Let s(x) = 26*x**3 - 2*x**2 + 2. Let u be s(-2). Let j be u/(-6) + (-1)/(-3). Let y be (-7)/((-21)/j)*1. What is the highest common divisor of y and 84?
12
Let h = 30 - 0. What is the greatest common factor of h and 40?
10
Let y(i) = 1 + 2*i - 3 + 0*i**3 + i**3 + 1. Let n be y(1). Suppose -n*f + 25 = -65. What is the highest common factor of f and 5?
5
Suppose -2*r + 4*r - 4 = 0. Let v = 11 - 7. Suppose -6*i + 3 = v*p - i, -3*i - 11 = -4*p. Calculate the greatest common divisor of p and r.
2
Let p be -3 + (-622)/(-4) + (-12)/24. Calculate the highest common factor of p and 19.
19
Let v be (-1 - 2) + 1/1. Let r(z) = -5*z + 2. Let q be r(v). What is the greatest common divisor of q and 48?
12
Let n be -104 - (-2)/(3 + -2). Let c = n - -246. Let d be 14 + -14 - 16/(-1). Calculate the highest common factor of d and c.
16
Suppose -20 = -2*k - 2*k. Suppose 2*x = 5*x. Suppose 3*a + 2*a - 25 = x. Calculate the greatest common factor of k and a.
5
Suppose 13 + 41 = 3*j. Let z be (4 - 1)/(3/9). Calculate the highest common factor of z and j.
9
Let r be -1 - (0 + -3) - -4. Calculate the highest common divisor of r and 42.
6
Suppose 2*i + 2*i + 16 = 0, -5*i = -4*j - 8876. Let p = j + 3300. Let n be (-4)/(-14) - p/(-7). What is the greatest common factor of n and 22?
22
Let p = -12 - 0. Let y be (p/(-10))/(18/60). Suppose y*u = o + 90, 0 = o + o + 4. Calculate the highest common divisor of u and 2.
2
Let m(k) be the second derivative of -7*k**3/6 + 3*k. Let d be m(-1). What is the highest common factor of d and 1?
1
Let k be ((-27)/12)/(3/(-24)). What is the highest common divisor of 18 and k?
18
Let n(b) = -b**2 + 6*b + 7. Let r be n(7). Suppose r = 5*z - 99 - 381. Calculate the highest common divisor of 12 and z.
12
Suppose -3*p + 100 = 5*b, -5*p + 2*b - 5*b = -188. Let u(v) = -v + 5. Let c be u(-5). Calculate the highest common divisor of c and p.
10
Let j be -1 - -1 - (-133 + -5). Let r = j - 74. What is the highest common factor of r and 8?
8
Suppose -5*p + 8 = -37. Let q(k) = -k**2 - 11 + 0*k**2 + 2*k**2 - 8*k. Let h be q(10). What is the greatest common divisor of p and h?
9
Let k(x) be the second derivative of -41*x**3/6 - x**2/2 + 2*x. Let w be k(-2). Calculate the greatest common divisor of w and 9.
9
Let b = 53 + -47. What is the highest common factor of 48 and b?
6
Suppose 3*b - 12 = -b. Let r(t) = 6*t**3 - 2*t**2 + 1. Let v be r(1). Let z(k) = -k + 6. Let p be z(v). Calculate the greatest common factor of p and b.
1
Let a = -45 + 89. Suppose -4*f + a + 76 = 0. Let n be (-136)/(-12) + (-8)/(-12). Calculate the highest common factor of n and f.
6
Suppose -2*w + 1044 = w - b, -5*w = 5*b - 1740. Suppose -5*r = -w - 32. Calculate the greatest common factor of 19 and r.
19
Suppose 2*q - 4 = -4*m - 2*q, -35 = -3*m + 5*q. Calculate the greatest common factor of m and 1.
1
Suppose 0 = -0*y - 3*y + 2*i + 355, 0 = -4*y - 3*i + 462. What is the greatest common divisor of 13 and y?
13
Suppose 0 = -2*h + h - 3*b + 9, 5*h + 5*b - 15 = 0. Let m be h + -6*(-3)/6. What is the highest common factor of m and 6?
3
Let l = 609 - 241. Let t = l - 228. Calculate the highest common divisor of 20 and t.
20
Let f be (7 + -2)*21/5. Let i(x) = 1 - x + 0*x + 2*x. Let s be i(6). Calculate the greatest common divisor of f and s.
7
Let z = 26 + -11. Let x be 23/7 - 4/14. Calculate the greatest common divisor of x and z.
3
Suppose -m + 4*p + 5 = 0, 4*m + 2*p - 34 = 58. Suppose s - 10 = 2*y - 3*y, 0 = -s + 3. Calculate the greatest common factor of y and m.
7
Let l be (3 + 0)*(-4)/6. Let h(o) = o + 1. Let r be h(l). Let y = r + 7. Calculate the highest common factor of 24 and y.
6
Suppose 2*q - 47 = 37. Suppose -5*y + 166 = 4*l, -5*l + 2 = -2*y + q. What is the greatest common factor of y and 6?
6
Suppose -3*x - 5 = -4*v, -v = -3*x + 3 + 7. Let g(w) = -14*w - 10. Let l be g(-5). Let k be ((-5)/(-2))/(6/l). What is the highest common factor of k and v?
5
Let y(w) = -w**3 + 3*w**2 + 4*w + 2. Let m = -10 - -8. Let l be y(m). Calculate the highest common divisor of 56 and l.
14
Let q be (-2)/8 + 744/32. Calculate the highest common factor of q and 184.
23
Suppose 4*p - 3*p = 132. What is the greatest common factor of p and 44?
44
Let c = 40 + -25. What is the greatest common divisor of c and 30?
15
Let l = -72 + 90. What is the greatest common divisor of 12 and l?
6
Let f be (-2)/5 + 676/65. Let h(j) = -6*j. Let l be h(-4). Let i = -9 + l. Calculate the greatest common factor of f and i.
5
Suppose 0 = -4*h + 259 + 1149. What is the greatest common divisor of h and 32?
32
Let y(v) be the third derivative of -v**6/120 + v**5/15 + v**4/8 + v**3/2 + v**2. Let z be y(4). Calculate the greatest common factor of z and 135.
15
Let m(f) = -f**2 - 5*f. Suppose 5*y + 6 = -5*s - 14, y + 3*s = -4. Let o be m(y). What is the highest common divisor of 28 and o?
4
Suppose 0 = 4*j + 39 - 7. Let u(f) be the third derivative of -f**4/24 + f**3 - 4*f**2. Let q be u(j). What is the highest common divisor of q and 28?
14
Let v(k) = k**3 + 4*k**2 - 8*k - 6. Let z be v(-5). What is the greatest common factor of z and 72?
9
Let m(a) = 8*a**2 - 2*a - 6. Let g be m(-2). Calculate the highest common divisor of g and 80.
10
Let z be -4 + 6 - 1*-11. Let r be 1 + -4 - (2 - 148). Calculate the greatest common factor of r and z.
13
Let b(d) = -d**3 + d**2 - 2*d + 2. Let j be b(-4). What is the highest common divisor of 36 and j?
18
Suppose 5*d = 4*i - 23 + 82, -4*d + 2*i = -46. Let p be (5 + d)*1/4. Calculate the greatest common divisor of 6 and p.
2
Let m(w) = w**3 + 6*w**2 + 3*w. Let g be m(-3). What is the greatest common divisor of g and 90?
18
Let h = -2 - -3. Let p(j) = 2*j - 7. Suppose 2*o = 6 + 4. Let t be p(o). What is the greatest common factor of h and t?
1
Let j(d) be the first derivative of -2 + 7/3*d**3 - 2*d + 1/4*d**4 - 5/2*d**2. Let m be j(-6). Calculate the highest common factor of 8 and m.
8
Suppose -3*x + 297 - 27 = 0. Suppose 3*q = 2*q + x. Suppose 4*t - 2*r - 476 = 0, -2*t - r = q - 336. Calculate the greatest common factor of t and 11.
11
Suppose -3*p + 31 = j, -4*p + 3*j = -0*p - 37. Calculate the greatest common divisor of p and 140.
10
Let z(n) = 2*n**2 - 3*n**2 - 2*n + 2 + 2*n**2. Let l be z(0). Calculate the greatest common factor of l and 16.
2
Let f(w) be the first derivative of -w**3/3 - 7*w**2 - 5*w - 3. Let c be f(-13). What is the highest common factor of c and 88?
8
Suppose -3*u + 2*u = -5. Suppose 3*k + 9 = 0, 0 = 4*i + u*k - 24 - 17. What is the highest common divisor of i and 56?
14
Let p be (-6)/(-4) + (-157)/(-2). What is the greatest common divisor of 16 and p?
16
Suppose -4*z = -z. Suppose -q - 19 = -z*q + 5*x, 3*x + 27 = 2*q. What is the highest common factor of 15 and q?
3
Let p(o) = 2*o**2 + 6*o + 6. Let r be